03 a composite number?
False
Is 571480115 a prime number?
False
Is 3185175031 a composite number?
True
Is 7578668071 prime?
False
Is 4804372453 a prime number?
True
Is 72140569 a composite number?
True
Is 71761801679 a composite number?
True
Is 36724406261 a prime number?
True
Is 3811284397 composite?
True
Is 8188498543 a prime number?
False
Is 781350589 prime?
True
Is 30379371701 prime?
False
Is 573422999 a prime number?
True
Is 8787881737 prime?
False
Is 1381226919 a prime number?
False
Is 1063117663 prime?
False
Is 36691408443 a prime number?
False
Is 992075627 prime?
False
Is 1187089261 a composite number?
True
Is 11115471949 prime?
True
Is 3320132831 composite?
True
Is 48619155421 prime?
False
Is 14792469881 a composite number?
True
Is 4318729 a prime number?
True
Is 126695003 composite?
True
Is 1123503427 a prime number?
False
Is 140591674 composite?
True
Is 1035810277 composite?
True
Is 585315889 composite?
False
Is 4802145631 a composite number?
False
Is 9165739673 a prime number?
False
Is 21073478669 prime?
False
Is 1385364815 prime?
False
Is 25160178997 a prime number?
True
Is 1484575769 composite?
True
Is 2101302683 prime?
False
Is 74064410113 a composite number?
True
Is 4161778213 a prime number?
True
Is 1187948441 a composite number?
False
Is 7402163533 prime?
False
Is 52463210578 a prime number?
False
Is 314934341 a composite number?
False
Is 312060547 a composite number?
False
Is 170436624907 a composite number?
True
Is 255546457 prime?
False
Is 545791091 composite?
False
Is 216280031029 prime?
False
Is 238030333 a composite number?
False
Is 6572303711 a prime number?
True
Is 4514967307 a prime number?
True
Is 78082975067 prime?
True
Is 232972693 prime?
True
Is 2839567427 composite?
True
Is 33558017617 prime?
True
Is 515839297 prime?
True
Is 301589902 a prime number?
False
Is 5382738947 prime?
False
Is 2060566811 a composite number?
True
Is 2310752167 composite?
False
Is 39014569939 prime?
False
Is 12096639521 a prime number?
True
Is 1111571471 prime?
False
Is 3323085751 prime?
False
Is 174967420109 composite?
True
Is 941422187 prime?
True
Is 560788973 composite?
True
Is 11206483073 composite?
False
Is 13829431765 a composite number?
True
Is 12404724347 a prime number?
True
Is 55725053 a prime number?
False
Is 5888954419 prime?
False
Is 129556589 prime?
True
Is 83358550487 a composite number?
False
Is 39627430679 composite?
False
Is 14736106397 composite?
True
Is 8265183871 prime?
False
Is 1859627317 prime?
True
Is 18350009737 prime?
True
Is 975515977 a composite number?
False
Is 356681531 prime?
True
Is 4769396399 prime?
True
Is 298561921 a composite number?
True
Is 58405453723 a composite number?
False
Is 375963559 a prime number?
False
Is 24249821249 prime?
True
Is 1266976201 a prime number?
False
Is 15036858347 prime?
False
Is 19706280299 composite?
False
Is 11947275311 a composite number?
False
Is 23961742789 a prime number?
True
Is 68700770051 a prime number?
True
Is 2131333933 a prime number?
False
Is 233223127 a composite number?
True
Is 7501029313 composite?
False
Is 10062737441 prime?
True
Is 35050799599 a prime number?
False
Is 18800085677 composite?
False
Is 1918285553 prime?
True
Is 45467391601 prime?
True
Is 377982211 composite?
False
Is 12747742079 a composite number?
False
Is 13694435299 composite?
True
Is 410127437 a prime number?
False
Is 591753911 a composite number?
True
Is 26837996063 composite?
False
Is 4904356921 a composite number?
False
Is 716954869 a prime number?
True
Is 50298371083 prime?
True
Is 49016216563 a prime number?
False
Is 849825959 a prime number?
True
Is 428999953 composite?
False
Is 25288254049 a composite number?
False
Is 79770970285 composite?
True
Is 2921555629 a prime number?
True
Is 10479432427 composite?
False
Is 16512004501 a prime number?
True
Is 44721221423 a prime number?
True
Is 311007581 composite?
False
Is 1691003339 prime?
False
Is 72535397 prime?
False
Is 65682787679 a composite number?
False
Is 66018427579 a composite number?
True
Is 914943569 a prime number?
True
Is 450519851 prime?
True
Is 48891207149 a composite number?
True
Is 3665837557 a prime number?
True
Is 37755157589 a composite number?
False
Is 7807025513 a prime number?
False
Is 4774057513 prime?
True
Is 9215674865 a prime number?
False
Is 6917830817 prime?
True
Is 59664968257 a prime number?
True
Is 20105872373 composite?
False
Is 1677351653 a composite number?
False
Is 2927781691 a prime number?
False
Is 544565701 composite?
True
Is 17627117 a composite number?
True
Is 3636058157 prime?
False
Is 1517340803 a composite number?
True
Is 35955525391 a prime number?
True
Is 2056469551 a composite number?
True
Is 114197791 composite?
True
Is 81506993353 a composite number?
False
Is 9903525323 prime?
False
Is 327944393 composite?
True
Is 245090203 a composite number?
False
Is 198615818 prime?
False
Is 222317897 a composite number?
False
Is 25070684291 prime?
False
Is 39034319003 a prime number?
True
Is 6004288882 a prime number?
False
Is 1478530861 prime?
True
Is 14223803023 prime?
False
Is 34315838329 a composite number?
False
Is 327944599 prime?
True
Is 11383944851 a composite number?
True
Is 201104581 a composite number?
False
Is 3969638201 composite?
False
Is 100329373 a composite number?
False
Is 1050408017 prime?
True
Is 17998442981 composite?
True
Is 58633475287 a prime number?
False
Is 86927471 composite?
True
Is 4488445321 a composite number?
True
Is 42069579047 a prime number?
False
Is 894410969 prime?
False
Is 6255684881 composite?
False
Is 4060573171 prime?
False
Is 235315253 a composite number?
True
Is 83873822377 prime?
False
Is 45725861 prime?
False
Is 1484447153 a prime number?
False
Is 580131023 a composite number?
False
Is 2040881699 a composite number?
True
Is 4835548411 prime?
True
Is 96317776795 composite?
True
Is 2563567889 prime?
True
Is 1227912887 prime?
False
Is 690261031 prime?
True
Is 444730879 a composite number?
True
Is 36594795157 a prime number?
False
Is 4667096009 a composite number?
True
Is 15372066695 a composite number?
True
Is 919590863 a prime number?
False
Is 22091940803 prime?
False
Is 29246815049 composite?
False
Is 237376939 a prime number?
True
Is 2960625529 composite?
False
Is 114142717237 a composite number?
True
Is 165782831 a composite number?
False
Is 8473076219 prime?
True
Is 293309059 composite?
True
Is 18858270373 prime?
True
Is 9591313021 composite?
True
Is 204807461 a composite number?
False
Is 1512411469 prime?
True
Is 4122307831 composite?
False
Is 279289267 composite?
False
Is 107026561969 composite?
False
Is 34327003 composite?
True
Is 2990895811 prime?
False
Is 555253843 a prime number?
False
Is 541380821 a composite number?
False
Is 1012387879 a prime number?
False
Is 821482111 composite?
False
Is 108769147 a prime number?
True
Is 12373878947 a composite number?
False
Is 8158819069 a prime number?
False
Is 5660814917 prime?
True
Is 15861065107 a composite number?
False
Is 4427042287 a composite number?
False
Is 4587885683 a composite number?
True
Is 7825710491 composite?
False
Is 35709927457 a prime number?
False
Is 17770957387 a composite number?
False
Is 187226220889 prime?
True
Is 3620151823 a prime number?
True
Is 3572874643 composite?
True
Is 8065529033 prime?
True
Is 322776367 prime?
True
Is 539030867 prime?
True
Is 15793316723 a composite number?
False
Is 4769221363 a composite number?
False
Is 2312227247 composite?
True
Is 1646472853 a composite number?
True
Is 8084999713 prime?
False
Is 674697743 prime?
False
Is 3981106463 prime?
True
Is 30338617 prime?
True
Is 72932705 a composite number?
True
Is 188287638137 a composite number?
False
Is 1517543506 composite?
True
Is 61555638241 prime?
True
Is 138200883011 prime?
True
Is 1076822129 a prime number?
True
Is 10231832902 composite?
True
Is 949153561 a composite number?
True
Is 21027239 a composite number?
False
Is 39776484543 a prime number?
False
Is 14557552939 prime?
True
Is 775691417 prime?
True
Is 779428961 composite?
True
Is 34725622273 prime?
False
Is 487016009 a prime number?
False
Is 492194581 a prime number?
False
Is 533229421 prime?
True
Is 237692659 a prime number?
False
Is 352484743 composite?
True
Is 708406729 a composite number?
False
Is 3970602085 a composite number?
True
Is 49247253